late the highest common divisor of c and 22.
11
Let a(y) be the third derivative of -y**4/24 + y**3/6 - y**2. Let r be ((0 - 2) + 2)/1. Let q be a(r). Calculate the greatest common factor of 9 and q.
1
Suppose 5*f = 5*l - 220, 0 = -l + 4*f + 15 + 29. Calculate the highest common divisor of 22 and l.
22
Suppose 6*v - 1 - 5 = 0. What is the highest common divisor of 11 and v?
1
Let o(j) = j**2 + j + 8. Let c be o(0). Suppose 0 = 2*n - 74 + c. What is the greatest common divisor of n and 11?
11
Let b = 30 - 4. What is the greatest common factor of 13 and b?
13
Let p(d) = -5*d**3 + 2*d**2 + d. Let x be p(-1). Let q = 13 - x. Let t(c) = -c**2 - 7*c - 3. Let l be t(-5). Calculate the highest common divisor of q and l.
7
Let q(t) = t**2 - 3*t + 5. Let m be q(4). Let o = 199 + -127. Calculate the highest common divisor of m and o.
9
Let p be 24/5*15/2. Let i be ((-10)/(-25))/((-1)/(-10)). Suppose -2*x = -4*d + 32, d - 3*x + i*x = 11. What is the highest common divisor of d and p?
9
Suppose -2*w + 4*w - 72 = 0. Let k be 3/2*(-36)/6. Let f = k - -15. What is the greatest common divisor of f and w?
6
Suppose 24 = 6*l + 6. What is the greatest common divisor of l and 12?
3
Let z be 8 + 6/3*1. Calculate the greatest common factor of z and 110.
10
Suppose -328 = -y - 62. What is the greatest common divisor of 38 and y?
38
Suppose b = 3*b - 4*x - 548, -b - 2*x + 286 = 0. Calculate the highest common factor of b and 35.
35
Suppose -14*i = -29 - 13. What is the highest common factor of i and 39?
3
Let c be (4/(-3))/(1/(-3)). Suppose -c*r = -r - 645. Suppose -4*v = -25 - r. Calculate the highest common divisor of v and 15.
15
Let h be 6/(-5*2/(-5)). Let y = 59 - 26. Calculate the highest common factor of h and y.
3
Suppose s - 17 = -0*s + 2*p, -2*p = 2. Let o be (-80)/((-5)/(45/6)). Calculate the highest common divisor of s and o.
15
Let k(w) = -8*w**2 - 2*w + 2. Let l be k(-4). Let r = l - -174. What is the highest common factor of 14 and r?
14
Let i be 70/(-245) - (0 + (-114)/7). What is the greatest common divisor of 16 and i?
16
Let v = -6 + 15. Let d be v*1 - (0 + 1). Let l be d*(2*5 + -2). What is the greatest common factor of 16 and l?
16
Let a(k) = k**3 - 6*k**2 + 8*k - 6. Let u be a(5). Let d = 16 - 13. What is the greatest common factor of d and u?
3
Suppose 0 = -5*b - 0*b + 145. Suppose -4*f + 25 = o, -5*o + 3*o + b = 5*f. Suppose -3*v + 1 = -2*v. Calculate the highest common divisor of f and v.
1
Let o(m) = -2*m - m + 12*m**2 + 2*m. Let t be o(-1). What is the highest common factor of t and 91?
13
Let p be 4/((-36)/15 + 2). Let c be (0 + p - 2)*-1. Calculate the greatest common factor of c and 84.
12
Suppose 0 = -5*r + 2*z + 215, 7 = r - 5*z - 13. Calculate the highest common factor of 18 and r.
9
Let m be 3/(-12) - 34/(-8). Suppose -y - 1850 = n - 4*n, 0 = m*n - 2*y - 2470. Suppose -4*k + n = 75. What is the highest common divisor of k and 15?
15
Let n(j) = -j**2 + 2. Let u be n(0). Suppose -27 = -u*f + 5*w, 0*f + 4*w = -4*f + 40. What is the highest common factor of f and 44?
11
Let d be ((-128)/(-40))/((-2)/20). Let n = 52 + d. Let g be (28/n)/((-1)/(-5)). Calculate the highest common factor of 14 and g.
7
Let l be (1 - 4)/((-6)/(-8)). Let i(q) = -q**2 - 7*q - 6. Let b be i(l). Let x be (-3)/b*2*-14. What is the greatest common factor of 2 and x?
2
Let f(t) = -t**3 - 12*t**2 + 13*t + 24. Let p be f(-13). What is the greatest common factor of 16 and p?
8
Let z(u) = -9*u - 37. Let m be z(-15). What is the highest common factor of 14 and m?
14
Let u(p) = 4*p**2 + 3*p + 2. Let z be u(2). Let a be (-6)/((3/(-6))/(-3 - -5)). What is the greatest common divisor of a and z?
24
Let a be 18/2 + 21/(7/1). Calculate the greatest common factor of a and 4.
4
Let z(t) = -6*t - t + 0 + 0. Let j be z(-2). Calculate the highest common factor of j and 98.
14
Let n = -14 - -22. Let x(f) = -6*f - 4. Let r be x(-6). What is the highest common factor of r and n?
8
Suppose 7*f - 115 = -59. Calculate the highest common divisor of f and 128.
8
Let o(v) = -v**2 + 8*v + 3. Let d be o(8). Suppose 5*r + 39 = 2*h, 0*r = d*r - 9. Suppose 3*z = h + 12. What is the greatest common divisor of 117 and z?
13
Let s be 2/4 - 259/(-2). Let g be (-7)/(-21) - s/(-6). Calculate the highest common factor of 11 and g.
11
Let f be ((-5)/(-2))/(5*(-6)/(-180)). Let i be (-1 + 2 - 0) + 0. Let n be 4 - i/((-1)/1). What is the greatest common divisor of f and n?
5
Let x be 2/4 - (-3)/2. Let p be ((-4)/x)/(6/15). Let j be p - -2 - -1 - -51. What is the highest common factor of 7 and j?
7
Let j(r) = r**2 + r - 1. Let u(v) = 7*v + 2. Let b(q) = 2*j(q) - u(q). Let o be b(4). Let s be -1 - (-3)/(-2)*-2. What is the highest common factor of s and o?
2
Let j = -35 + 59. What is the highest common divisor of j and 3?
3
Suppose 2*i = -5 + 7. What is the greatest common divisor of i and 5?
1
Let s(b) = 10*b**2 - 3*b - 1. Let n be s(-1). Suppose 0 = 5*q + m - 245, 0*m - 4*m = q - 68. What is the highest common factor of q and n?
12
Let j(x) = 11*x**3 + 3*x**2 - 5*x + 1. Let s be j(3). Calculate the highest common factor of s and 124.
62
Let c(h) = -h**3 - 7*h**2 - 5*h. Suppose 48 = -4*j + 16. Let r be c(j). Calculate the greatest common factor of r and 13.
13
Let y(j) = -j**3 + 8*j**2 + 9*j + 1. Let k be y(9). Let t(i) = i + i**3 + 7 - 5*i**2 - 7*i + k. Let c be t(6). What is the greatest common factor of 56 and c?
8
Suppose -7*y + 30 = -2*y. Calculate the highest common divisor of y and 42.
6
Suppose -4*v = -4*u + 3*u - 34, 5*v + u - 38 = 0. What is the highest common divisor of v and 40?
8
Let a be 15 + (-3)/(9/(-3)). Calculate the greatest common divisor of 64 and a.
16
Let t = -17 - -26. Suppose -4*x = -t*x + 75. Suppose 4*g - 668 = 4*a, 2*g - 328 = -0*g - a. Calculate the highest common factor of g and x.
15
Suppose -5*h + 1 = -c - 3, -4*c - 4*h = -8. Let l be ((-2)/5)/(4/20). Let x be (l/6)/((-2)/30). Calculate the greatest common divisor of x and c.
1
Suppose 0 - 3 = t. Let s be 8/(1 + 2/t). Let z = -2 - -14. Calculate the greatest common divisor of z and s.
12
Let u(c) = 56*c**3 - 3*c**2 + 2*c. Let p be u(2). Calculate the greatest common factor of p and 40.
40
Let f(m) = -2*m - 10. Let q be f(-14). Suppose h = -4*w + q, 0 = h - 5*w - 9. Calculate the highest common factor of h and 14.
14
Let p = 51 + -30. Let q = p - -1. What is the highest common factor of q and 66?
22
Suppose 0 = p + 17 - 102. Let f(j) = 10*j + 2. Let s be f(3). Let y = s - 15. What is the greatest common divisor of y and p?
17
Suppose -9*a + 12*a = 252. What is the highest common divisor of 12 and a?
12
Let a be ((-1)/(-2))/(3/(-24)). Let o be (-1)/4 - 137/a. Suppose 3*g - 204 = -g. Calculate the greatest common factor of o and g.
17
Let z(t) be the third derivative of -t**4/12 - 5*t**3/6 + 3*t**2. Let x be z(-7). Calculate the greatest common factor of x and 81.
9
Suppose -13*u = -12*u - 20. Calculate the highest common factor of u and 4.
4
Suppose -1 = 3*b - 10. Calculate the highest common factor of 1 and b.
1
Suppose -2*q = -4*n - 8, 0 = 3*n - 6*n - 6. Suppose -2*v + q*b - 3*b = -201, -b - 3 = 0. What is the highest common divisor of v and 15?
15
Let a be 102/4 + (-17)/(-34). What is the greatest common factor of a and 39?
13
Suppose -g = -i + 1, -6 + 1 = -5*g. Suppose -4*q - 6 + 18 = i*v, 0 = 4*v + 5*q - 39. Suppose 3*c + c = v. Calculate the greatest common factor of c and 36.
4
Let u(d) = -d**2 - 15*d - 5. Let y be u(-14). Calculate the greatest common divisor of 36 and y.
9
Let a(n) = 4*n - 12. Let u be a(8). What is the greatest common divisor of 8 and u?
4
Suppose 5*w - 5 = -q - 4*q, 0 = 3*q - w - 23. What is the greatest common factor of q and 12?
6
Let y be ((-9)/(-5))/((-7)/(-35)). What is the highest common divisor of y and 27?
9
Let r be (7/14)/((-1)/18). Let s(f) = -f - 1. Let i be s(r). Calculate the highest common divisor of i and 4.
4
Let l be ((-12)/(-18))/(4/42). Calculate the greatest common divisor of l and 56.
7
Let m = 11 - 23. Suppose -3*z = -o - 332, -z + 1 + 105 = -5*o. Let w = m + z. What is the greatest common factor of w and 11?
11
Let f(i) = -17*i - 15. Let z be f(-7). Calculate the highest common factor of z and 13.
13
Suppose -g = -3*b + g + 21, -15 = 5*g. Suppose b*f - 31 + 6 = 0, 2*y + 4*